+ 32*m. Let n(i) be the first derivative of b(i). What is n(1)?
-5
Let x be (-3)/4 - 10/8. Let y(h) = h + 1. Give y(x).
-1
Let n(x) be the first derivative of -1/2*x**2 - 1 + 0*x. Calculate n(-3).
3
Let b(w) be the third derivative of -7*w**5/60 - 17*w**4/24 + 8*w**3/3 - 3*w**2. Let o(t) = -10*t**2 - 25*t + 24. Let r(v) = -7*b(v) + 5*o(v). Calculate r(-6).
8
Let o be 2/(-2)*(-2)/2. Let s(y) be the third derivative of y**6/24 + y**5/60 + 1020*y**2. Give s(o).
6
Let z(p) = p - 1. Let d = -10 - -12. Suppose 0*u - 3*w = 5*u + 85, -d*u - 34 = -3*w. Let a = -23 - u. Determine z(a).
-7
Let r(g) = g**2 - g - 4. Suppose -5*j = -h - 23, j - 134 = h - 127. Calculate r(h).
8
Let j(m) be the second derivative of -m**5/20 + 7*m**4/12 - 4*m**3/3 + m**2 + m. Let r = -529 + 535. Calculate j(r).
-10
Let g = 53 - 98. Let f = -47 - g. Let h(l) = -l**2 + 5*l. Let b(p) = p**2 - 6*p + 1. Let q(x) = 2*b(x) + 3*h(x). Determine q(f).
-8
Suppose 7 = -5*b - 18. Let t(g) be the third derivative of -g**6/120 - g**5/12 - g**4/6 - g**3 - g**2 + 3744*g - 2. Give t(b).
14
Let t(l) = 5*l + 7. Let v = 1419 + -1419. Calculate t(v).
7
Suppose -c = -r + 5, 5*c - 4*r - 6 = -34. Let y(o) = -o**3 - 8*o**2 - 3. Determine y(c).
-3
Let p(h) = 10*h + 2. Suppose 0 = 2341*f - 2345*f + 16. Calculate p(f).
42
Let h = 32 + -32. Let d(m) = -m**3 - m**2 - m - 27. Calculate d(h).
-27
Let g be (0/(-4) + 0)/((-3)/(-3)). Let h(u) = -1 - u**2 + u**2 - u**2. Determine h(g).
-1
Let v(b) = 4*b - 30. Let p(k) = -2*k + 15. Let a(u) = -7*p(u) - 4*v(u). Let l be a(7). Let q be 9/(-1 - 2) + l. Let s(o) = -o**3 - o. Calculate s(q).
10
Let v(u) = -6*u - 4. Let a be v(-1). Suppose -10 = a*n - 16. Let c(g) = 5*g - 1. Calculate c(n).
14
Let p(x) = 7*x + 5. Suppose 5*u + 0 - 20 = 0. Let d(o) = u*o - 2*o - 4 - 5*o - 3*o. Let f(v) = -4*d(v) - 3*p(v). What is f(1)?
4
Let r(a) = 2*a + 12. Let j be r(-4). Let x(u) = 109*u - 1 - 2 - 105*u. Calculate x(j).
13
Let n be (-37)/(-5) + (-20)/50. Let h(z) = 10 + z - 11 + n. Give h(-6).
0
Let l(k) = 10*k. Let v(b) be the second derivative of b**3/6 + b**2/2 - b. Suppose 74*j = 67*j - 7. Let r(q) = j*l(q) + 6*v(q). What is r(4)?
-10
Let k(l) = -l + 6. Let w = 1330 + -1330. Determine k(w).
6
Let s(o) be the third derivative of -o**6/15 - o**5/60 - o**4/24 + o**3/6 - 61*o**2 + o. Calculate s(1).
-9
Let z = -82 + 37. Let r = z + 39. Let h(x) be the first derivative of -x**3/3 - 4*x**2 + 2. Give h(r).
12
Let a(q) be the second derivative of q**4/12 + q**3/6 + 2*q**2 - 27*q. Calculate a(3).
16
Let d(t) = t**3 - 2*t - 2. Suppose -8 = -3*z - 17. Let a = z + 9. Suppose -2*u = -a - 0. What is d(u)?
19
Let o be 20*(2 - (-6)/(-4)). Let m be 72/(-40)*o/(-3). Let h(x) = -x - 7. What is h(m)?
-13
Let i(p) = 0*p - 4 + 0*p - 4*p. Let k(z) = -z**2 - 2*z - 3. Let u = -17 - -17. Let s be k(u). Calculate i(s).
8
Suppose -2*h - 1 = -4*m + 13, -m + 2*h = -8. Let o(i) = -5*i. Let v(z) = -2*z - z + 2*z - 3*z. Let p(c) = 3*o(c) - 4*v(c). What is p(m)?
2
Let f = 3 + -1. Let i(c) = 3 + f*c**3 + 1 - 3*c + 4*c**2 - c**3. Let j be (3/(-2))/((-372)/(-1240)). Determine i(j).
-6
Let f(r) = -r**3 - 5*r**2 + 6*r + 2. Suppose -5*y + 2*y = w, 4*y + 2*w = 0. Suppose y = -5*l - 16 - 29. Let z = 3 + l. What is f(z)?
2
Suppose 5*l = -c, 0 = 3*l + 2*l + 3*c + 10. Let j(v) = v**2 + l + 4*v + 3*v**2 - 3*v. Let n(f) = -88*f - 1. Let h be n(0). Give j(h).
4
Let m(k) = -3*k - 3. Let a(h) = h - 1. Let b = 45 - 44. Let g(o) = b*m(o) + 2*a(o). Give g(-6).
1
Let l = 19 - 12. Let q = 12 - l. Let g(h) = -h**3 + h**2 + h + 1. Let n(p) = 3*p**2 + 4*p - 7. Let z(m) = -g(m) - n(m). What is z(q)?
6
Let u = -693 + 695. Let l(m) = 6*m**2 - 4*m + 2. Determine l(u).
18
Suppose 195*c + 6 = 198*c. Let o(h) = -8*h**3 - 3*h + 3. What is o(c)?
-67
Let z(g) be the second derivative of 0 - 5*g**2 + 1/12*g**4 + 1/6*g**3 + 4*g. Calculate z(0).
-10
Let d(x) be the first derivative of -x**4/4 - x**3/6 - 29*x**2/2 + 19. Let v(f) be the second derivative of d(f). Give v(-2).
11
Let x(h) = h**3 + h**2. Let m(t) = -4*t**3 - 10*t**2 - 7*t + 2. Let v(r) = -m(r) - 3*x(r). Give v(-6).
-8
Let q(m) be the second derivative of -31*m**3/6 - 236*m. Give q(-1).
31
Suppose 4*s + 8*t + 8 = 6*t, -s + 16 = 5*t. Let x(m) = 4*m + 11. What is x(s)?
-5
Let b = 5 - 7. Let q(o) = -o. Let p be q(b). Let v(s) = 3*s - p*s - 6*s**2 + 0*s - 1. What is v(1)?
-6
Let n(m) = -6*m - 10. Let f(k) = 7*k + 10. Let h(t) = -7*f(t) - 8*n(t). Calculate h(3).
7
Let s(x) = x + 4. Let m be s(-3). Let c be (5/10)/(m/(-6)). Let p = 8 + c. Let a(i) = -i**3 + 4*i**2 + 4*i + 5. What is a(p)?
0
Let w be 2/(-12) + (-13)/(-6). Let d be -4 - (3 + -14) - w. Let m(h) = -82*h**2 + 86*h**2 - d*h + 3*h**3 - 2*h**3. Determine m(-5).
0
Let h(g) = g. Let b(q) = 9*q - 5. Let k = -3 - -2. Suppose -4 = -v, 4*d - 3 = -d + 3*v. Let c(r) = d*h(r) + k*b(r). What is c(4)?
-19
Let k(m) = 2*m - 1. Let s(y) = -7*y - 4*y - 3*y + 7*y + 1. Let l(u) = 4*k(u) + s(u). Determine l(-6).
-9
Let c(l) = 0*l**2 - 4*l**2 + 3*l**2. Let m be (89 - 96) + (-6)/(-2). Determine c(m).
-16
Let l(m) = 9*m**3 - 1. Let q be l(-1). Let j be (q/12)/(1/(-6)). Let a(o) = -j*o**2 - 1 + 3 + o + o + o**3. Give a(5).
12
Let u(b) be the third derivative of -b**5/30 + b**4/8 - 5*b**3/6 - 225*b**2. Give u(4).
-25
Let u(m) = 5*m + 3. Let j(q) be the third derivative of -q**4/6 - q**3/3 - 5*q**2. Let n(h) = -4*j(h) - 3*u(h). Calculate n(-5).
-6
Let u(t) be the second derivative of 11*t**3/6 + 6*t**2 + 30*t - 3. Give u(5).
67
Let n(s) = -2*s**3 + s**2 + 11*s - 4. Let w(h) = 2*h**3 - h**2 - 14*h + 5. Let b(x) = 4*n(x) + 3*w(x). Determine b(2).
-9
Let h(d) = -d**3 - 4 + 1 - 4*d + 6*d**2 + 0*d**3. Let g = -2 - -7. Suppose 4*a = -g*l + 45, -a + 4*l = -0*a + 15. Calculate h(a).
2
Let t = 1812 - 1811. Let v(c) = 8*c**3 + 2*c - 2. Calculate v(t).
8
Let i(b) be the third derivative of 7*b**4/24 - b**3/6 + 788*b**2. Calculate i(3).
20
Let k be -16 + 12 - (4 - 1). Let d(h) = h**3 + 8*h**2 + 11*h - 12. Let z(x) = -x**3 - 8*x**2 - 12*x + 13. Let m(b) = 5*d(b) + 4*z(b). Determine m(k).
-8
Let r be 12 + 0 + 16/12*-3. Suppose 3*f + 16 = 3*k - r, -k + 12 = -3*f. Let l(x) = x**2 - 5*x + 9. Calculate l(k).
15
Let t(u) = -2*u**2 + 8*u - 10. Let h be t(2). Let l(d) = -d + 2. Determine l(h).
4
Suppose 0*o + o = -5*f - 13, -11 = f - 4*o. Let h be ((-8)/2 - -3)*f. Let i(u) = u - 1. Let w(p) = p**2 - 2*p - 7. Let q(z) = h*i(z) - w(z). Give q(6).
-2
Let o(b) be the second derivative of -b**3 - 7*b**2/2 + 5*b. Suppose -4*q + 2*q - 3*i + 5 = 0, -i - 20 = 5*q. Determine o(q).
23
Let z(s) = 9 - s**2 - 3*s - 8*s**2 - 11 + 10*s**2. Let x = 2 - -3. Calculate z(x).
8
Let w = 5 - 0. Suppose b = -l + 1, -b - b + w*l - 12 = 0. Let v be (0/(b - -5))/1. Let g(u) = u**3 - u**2 - 11. Give g(v).
-11
Let o(t) = -t**3 + 7*t**2 - 8*t + 8. Let y(u) = 9*u - 21. Let n be y(3). Give o(n).
-4
Let k(m) = -13*m + 0*m - 9*m + 0*m**2 - 2*m**2. Let o be k(-11). Let z(x) = x + 4. What is z(o)?
4
Let i(k) = k**2 - 3*k - 3. Let p(n) = -4 + 4 - n. Let v be p(-10). Let m be (8/v)/((-2)/(-10)). Calculate i(m).
1
Let a(j) = -j**2 + 9*j. Suppose 0 = -1330*n + 1317*n + 104. Calculate a(n).
8
Let o(u) = -u**3 - 6*u**2 + 7*u + 5. Let a be o(-7). Let d(h) be the second derivative of -h**5/20 + 5*h**4/12 - h**3/6 - h**2/2 - 8*h + 8. Calculate d(a).
-6
Suppose -3*n - 3*n = 0. Let f(j) = -2*j - 6. Let q be f(n). Let a(x) = -x**2 - 7*x + 4. What is a(q)?
10
Let b(u) = 9*u + 2. Let y be b(-1). Let o(g) be the first derivative of -1 - 1/2*g**2 - 12*g. What is o(y)?
-5
Let k(w) be the second derivative of -32*w + 1/12*w**4 + 5/6*w**3 + 0 - 5*w**2. Determine k(-7).
4
Let p(w) = -w**3 + 7*w**2 + 9*w - 5. Let y be p(8). Suppose 0 = -2*l + y*l - 2. Let d(c) = -c**2 - l*c**2 + 2*c**2 - c + 2*c**2. What is d(1)?
0
Let s(d) = -3*d**3 - d**2 + d. Let y be s(1). Let j be 2/(-4 - -6 - (-8)/y). Let o(q) = -5*q - 2. Calculate o(j).
13
Let r be (30/25)/((-4)/((-160)/3)). Suppose -x = 2*m + 2, -12*x + 11*x - r = -5*m. Let g(p) = p**3 + 5*p**2 - 5*p + 6. Calculate g(x).
0
Let u(h) = -h**3 - 7*h**2 + 10*h + 9. Suppose 0 = 7*z - 197 - 27. Suppose -4*a - 3*s - z = 0, -2*a + 0*a - 16 = -s. What is u(a)?
-7
Let q(o) be the first derivative of -o**2/2 - 4*o + 212. Suppose -3*t - 9 = -j, -2 = -3*t + 1. Suppose 2*f + 19 = 5*p, 5*p - j = 3*f - 2*f.